21 is divided by 104.
101
What is the remainder when 496 is divided by 166?
164
Calculate the remainder when 285 is divided by 6.
3
What is the remainder when 778 is divided by 20?
18
What is the remainder when 727 is divided by 82?
71
What is the remainder when 307 is divided by 77?
76
Calculate the remainder when 500 is divided by 24.
20
Calculate the remainder when 303 is divided by 53.
38
What is the remainder when 422 is divided by 25?
22
Calculate the remainder when 367 is divided by 353.
14
Calculate the remainder when 12934 is divided by 22.
20
What is the remainder when 4940 is divided by 29?
10
Calculate the remainder when 512 is divided by 76.
56
Calculate the remainder when 5051 is divided by 14.
11
What is the remainder when 275 is divided by 93?
89
Calculate the remainder when 3389 is divided by 4.
1
What is the remainder when 419 is divided by 140?
139
Calculate the remainder when 71 is divided by 11.
5
Calculate the remainder when 15822 is divided by 184.
182
Calculate the remainder when 849 is divided by 321.
207
Calculate the remainder when 399 is divided by 398.
1
Calculate the remainder when 63 is divided by 27.
9
Calculate the remainder when 198 is divided by 33.
0
What is the remainder when 197 is divided by 64?
5
Calculate the remainder when 142 is divided by 19.
9
What is the remainder when 1290 is divided by 632?
26
Calculate the remainder when 372 is divided by 25.
22
Calculate the remainder when 337 is divided by 26.
25
Calculate the remainder when 671 is divided by 12.
11
Calculate the remainder when 156 is divided by 68.
20
Calculate the remainder when 746 is divided by 22.
20
What is the remainder when 223 is divided by 38?
33
What is the remainder when 1471 is divided by 381?
328
Calculate the remainder when 82 is divided by 25.
7
Calculate the remainder when 701 is divided by 230.
11
What is the remainder when 727 is divided by 36?
7
What is the remainder when 833 is divided by 19?
16
Calculate the remainder when 3087 is divided by 135.
117
Calculate the remainder when 586 is divided by 418.
168
Calculate the remainder when 776 is divided by 156.
152
Calculate the remainder when 518 is divided by 259.
0
Calculate the remainder when 1246 is divided by 12.
10
Calculate the remainder when 635 is divided by 49.
47
What is the remainder when 2858 is divided by 65?
63
What is the remainder when 943 is divided by 52?
7
What is the remainder when 1215 is divided by 16?
15
What is the remainder when 466 is divided by 31?
1
Calculate the remainder when 46 is divided by 20.
6
What is the remainder when 92 is divided by 19?
16
Calculate the remainder when 75 is divided by 37.
1
Calculate the remainder when 453 is divided by 24.
21
What is the remainder when 28 is divided by 17?
11
Calculate the remainder when 476 is divided by 80.
76
What is the remainder when 1326 is divided by 34?
0
What is the remainder when 1555 is divided by 3?
1
What is the remainder when 868 is divided by 173?
3
Calculate the remainder when 1018 is divided by 30.
28
What is the remainder when 3311 is divided by 36?
35
What is the remainder when 183 is divided by 42?
15
What is the remainder when 81 is divided by 52?
29
Calculate the remainder when 4889 is divided by 163.
162
Calculate the remainder when 4900 is divided by 16.
4
What is the remainder when 849 is divided by 26?
17
Calculate the remainder when 9695 is divided by 346.
7
What is the remainder when 1943 is divided by 321?
17
Calculate the remainder when 94 is divided by 30.
4
What is the remainder when 68 is divided by 17?
0
Calculate the remainder when 743 is divided by 13.
2
What is the remainder when 760 is divided by 37?
20
What is the remainder when 1549 is divided by 16?
13
What is the remainder when 387 is divided by 132?
123
Calculate the remainder when 25028 is divided by 24.
20
Calculate the remainder when 245 is divided by 6.
5
Calculate the remainder when 242 is divided by 10.
2
Calculate the remainder when 3569 is divided by 94.
91
Calculate the remainder when 28533 is divided by 12.
9
Calculate the remainder when 659 is divided by 72.
11
Calculate the remainder when 798 is divided by 115.
108
Calculate the remainder when 59 is divided by 40.
19
What is the remainder when 384 is divided by 35?
34
What is the remainder when 3228 is divided by 1071?
15
What is the remainder when 278 is divided by 76?
50
What is the remainder when 148 is divided by 11?
5
What is the remainder when 1451 is divided by 22?
21
Calculate the remainder when 200 is divided by 23.
16
What is the remainder when 36 is divided by 4?
0
Calculate the remainder when 920 is divided by 31.
21
What is the remainder when 473 is divided by 155?
8
Calculate the remainder when 1192 is divided by 55.
37
What is the remainder when 126 is divided by 69?
57
Calculate the remainder when 169 is divided by 43.
40
Calculate the remainder when 1569 is divided by 75.
69
What is the remainder when 663 is divided by 120?
63
What is the remainder when 1065 is divided by 24?
9
What is the remainder when 116 is divided by 39?
38
What is the remainder when 792 is divided by 23?
10
Calculate the remainder when 2143 is divided by 157.
102
Calculate the remainder when 1210 is divided by 199.
16
Calculate the remainder when 597 is divided by 38.
27
Calculate the remainder when 67 is divided by 19.
10
What is the remainder when 296 is divided by 22?
10
What is the remainder when 314 is divided by 80?
74
Calculate the remainder when 34 is divided by 18.
16
What is the remainder when 2682 is divided by 61?
59
Calculate the remainder when 447 is divided by 64.
63
Calculate the remainder when 35 is divided by 20.
15
Calculate the remainder when 99 is divided by 29.
12
Calculate the remainder when 20 is divided by 7.
6
What is the remainder when 155 is divided by 69?
17
Calculate the remainder when 620 is divided by 16.
12
Calculate the remainder when 1555 is divided by 82.
79
What is the remainder when 17247 is divided by 30?
27
Calculate the remainder when 49 is divided by 5.
4
What is the remainder when 146 is divided by 79?
67
What is the remainder when 192 is divided by 51?
39
Calculate the remainder when 89 is divided by 31.
27
Calculate the remainder when 84 is divided by 62.
22
Calculate the remainder when 6926 is divided by 41.
38
What is the remainder when 389 is divided by 78?
77
Calculate the remainder when 2077 is divided by 130.
127
Calculate the remainder when 299 is divided by 43.
41
What is the remainder when 77 is divided by 23?
8
What is the remainder when 3299 is divided by 10?
9
What is the remainder when 25756 is divided by 53?
51
Calculate the remainder when 152 is divided by 126.
26
What is the remainder when 135 is divided by 16?
7
Calculate the remainder when 100 is divided by 26.
22
What is the remainder when 277 is divided by 257?
20
What is the remainder when 1002 is divided by 332?
6
Calculate the remainder when 1001 is divided by 332.
5
What is the remainder when 94 is divided by 72?
22
What is the remainder when 988 is divided by 26?
0
What is the remainder when 358 is divided by 14?
8
What is the remainder when 1522 is divided by 218?
214
Calculate the remainder when 129 is divided by 68.
61
What is the remainder when 6159 is divided by 154?
153
Calculate the remainder when 14780 is divided by 176.
172
What is the remainder when 760 is divided by 9?
4
Calculate the remainder when 81 is divided by 21.
18
What is the remainder when 1024 is divided by 201?
19
Calculate the remainder when 3611 is divided by 21.
20
What is the remainder when 384 is divided by 131?
122
What is the remainder when 1398 is divided by 292?
230
What is the remainder when 323 is divided by 44?
15
Calculate the remainder when 862 is divided by 14.
8
Calculate the remainder when 121 is divided by 32.
25
What is the remainder when 788 is divided by 69?
29
What is the remainder when 59 is divided by 12?
11
Calculate the remainder when 984 is divided by 83.
71
What is the remainder when 928 is divided by 913?
15
Calculate the remainder when 573 is divided by 164.
81
What is the remainder when 196 is divided by 95?
6
What is the remainder when 117 is divided by 31?
24
What is the remainder when 199 is divided by 41?
35
Calculate the remain